= 0. Calculate the highest common divisor of m and r.
14
Let x be (6 - 0)*(-16)/(-16). Let y be 416/24*x/4. Calculate the highest common factor of y and 39.
13
Let q(z) = 44*z - 327. Let b be q(8). What is the greatest common factor of b and 5?
5
Suppose 3*t = 3*k + 3, 14*t = 9*t + 2*k + 11. What is the greatest common factor of 67 and t?
1
Suppose 24*d - 1942 - 1418 = 0. Calculate the greatest common divisor of d and 175.
35
Let o(h) = h**3 - 5*h**2 + 4*h - 7. Let i be o(3). Let q(d) = 6*d**2 - 4*d + 3. Let y be q(2). Let p = i + y. Calculate the greatest common factor of p and 2.
2
Let u = 2 - -18. Let o be (-2)/(-5) - (-312)/u. What is the greatest common factor of o and 32?
16
Let l = -29 + 42. Let n = 27 - l. Calculate the highest common factor of n and 70.
14
Let q(t) = -t**3 + 9*t**2 - 5*t + 7. Suppose 0 = 8*a + 20 - 76. Let k be q(a). What is the greatest common divisor of 105 and k?
35
Suppose -53*w = -51*w - 102. Calculate the highest common factor of w and 34.
17
Let h be 4/16 - (-975)/20. Let t = h + -41. Let w = 24 + 16. What is the highest common factor of t and w?
8
Let b(c) = -92*c - 38. Let d be b(-3). Calculate the greatest common factor of d and 28.
14
Let p(d) = -2*d - 8. Let u be p(-6). Let y be (168/(-18))/(u/(-6)). Suppose -m - 2*g = 2*g - y, 86 = 5*m + 4*g. What is the highest common divisor of m and 2?
2
Suppose -2010 + 120 = -5*q. Calculate the highest common factor of 21 and q.
21
Suppose 91*n - 87*n = 684. Calculate the greatest common factor of n and 19.
19
Suppose 0 = f - 4*f + 630. Suppose -2*m - 140 = -3*m. Let z = f - m. What is the greatest common divisor of 14 and z?
14
Let g(l) be the third derivative of l**5/60 + l**4/12 - 7*l**3/6 + 13*l**2. Let f be g(-7). What is the greatest common factor of 28 and f?
28
Let n = 5 - 24. Let h = n - -30. Calculate the highest common divisor of h and 77.
11
Let g(r) = r**3 + 35*r**2 + 35*r + 79. Let q be g(-34). Calculate the greatest common factor of 90 and q.
45
Let b = 62 + -42. What is the highest common factor of 44 and b?
4
Let l = 1759 - 1723. Calculate the greatest common factor of l and 1236.
12
Let x be 1*(3 - 114)*4/6. Let c = x + 93. What is the highest common divisor of 57 and c?
19
Suppose 5*w = 3062 + 4163. Let b = -925 + w. Let z be 2*-1*b/(-16). Calculate the greatest common divisor of z and 26.
13
Suppose 115 = 4*d + 111. What is the greatest common factor of d and 27?
1
Let n be (-1596)/(-49) - (-6)/14. Calculate the greatest common factor of 165 and n.
33
Suppose -6*h + 8*h + 32 = 0. Suppose b + 2 = 0, 3*j + j + 6 = -3*b. Let t = j - h. Calculate the highest common factor of t and 112.
16
Let v be (3 + 174/(-9))/(4/(-36)). Let n(d) = -4*d + 5. Let l be n(-4). What is the greatest common factor of l and v?
21
Let l(m) = -m**3 - 2*m**2 + 3*m + 1. Let y be (-42)/(-18) + (-4)/(-6). Suppose 2*h + y = -3. Let p be l(h). Calculate the highest common divisor of p and 9.
1
Let t = -158 + 188. Suppose 4*z - 48 = 4*h, z = -z - h + 24. Calculate the highest common divisor of t and z.
6
Suppose 4*s = -7*b + 12*b + 219, s - 59 = -3*b. Calculate the highest common factor of 84 and s.
28
Suppose -2*t - 13 = -5*s - 6*t, 0 = -s + 5*t + 20. Calculate the greatest common divisor of 20 and s.
5
Let u = 37 - 37. Let s be ((-9)/15)/((u - -1)/(-5)). Calculate the greatest common factor of s and 21.
3
Let i be 6/(-21) - ((-8385)/7)/3. Calculate the greatest common factor of i and 63.
21
Suppose 1 = -4*h - 3. Let d(j) = -j + 1. Let i be d(h). What is the greatest common factor of i and 2?
2
Suppose -2*m - 2111 - 2383 = 0. Let n be m/(-147) + 9/(-7) + 1. Suppose -4*d = -d - 6, -5*g = 5*d - 35. What is the greatest common divisor of g and n?
5
Let i(w) = w**3 + 10*w**2 + 5*w - 8. Let g be i(-8). Suppose -8*h + 6 = -7*h - 2*q, -2*h - 2*q + 42 = 0. Calculate the highest common factor of g and h.
16
Let b = -99 - -204. Let s be b/6 - (-6)/(-4). Suppose -g + 3 = -1. What is the highest common divisor of g and s?
4
Suppose -396 - 8420 = -19*f. Calculate the highest common divisor of 29 and f.
29
Suppose 0 = f + 3*r - 8*r + 11, 2*f = -4*r + 6. Let l be (-1)/f + (-4)/(-6)*12. Calculate the highest common factor of 36 and l.
9
Let p be 0/6*1/2. Suppose p*k = -k + 27. Let o = 126 + 63. What is the greatest common factor of k and o?
27
Let v = 1196 + -1181. Calculate the greatest common divisor of 195 and v.
15
Let v be ((-2)/(6/25))/(61/(-183)). What is the greatest common factor of 3725 and v?
25
Suppose 9 = 3*y, -4*p + 11*y = 8*y - 23. What is the highest common factor of 7 and p?
1
Let o = 39 + -33. Let m = 1 + 1. What is the greatest common divisor of o and m?
2
Let n be (34/(-6))/((-1)/3). Let w(o) = 2*o + 36. Let x be w(-19). Let z be (x/3)/((-12)/306). Calculate the greatest common factor of z and n.
17
Suppose -3*r + 279 = 2*w, 5*w = -5*r + 277 + 413. Calculate the highest common divisor of w and 5.
5
Let i(o) = -o**2 + 10*o - 11. Let g be i(7). Calculate the highest common divisor of 480 and g.
10
Let y be (-2)/(-8) + (1020/16 - -2). Calculate the highest common factor of y and 110.
22
Let h be (13 + (-88)/8)/(2/187). Calculate the highest common divisor of 17 and h.
17
Let w = 42 - 0. Let x = 67 + -30. Suppose x = -0*t + 3*t + 4*j, 11 = t + j. What is the greatest common divisor of w and t?
7
Let i be (-7)/(-420)*6 - 6436/(-40). What is the highest common factor of i and 7?
7
Let o = -3 + 25. Suppose 0 = 7*n - o - 608. Calculate the highest common factor of 60 and n.
30
Let x(d) = d + 72. Let r be x(0). Suppose -4*w = w - 55. Let a = 20 - w. What is the highest common factor of a and r?
9
Let s = 32 + -6. Let b be (40/(-32))/(2/(-352)). Let j = b - 181. What is the highest common divisor of s and j?
13
Let m = 147 - 122. Let h = -12 + 112. Suppose -2*i = -4*i + h. Calculate the highest common divisor of m and i.
25
Let h = 1041 + -1030. Suppose 40 = 3*l + 5*d - 6, l - 30 = 2*d. Calculate the greatest common divisor of h and l.
11
Let l = -1953 - -2177. What is the greatest common factor of 70 and l?
14
Let v(h) = 9*h - 33. Suppose -4*g = -g - 33. Let u be v(g). What is the highest common factor of u and 22?
22
Suppose 5*u + 9 = -6. Let p = -5 - u. Let k be 8*(9/(-6) - p). What is the greatest common factor of k and 44?
4
Let x(p) = -3*p + 2. Let o be -2*4/(-8) + -3. Let g be x(o). Let m be g/20*-1*-30. Calculate the greatest common factor of m and 36.
12
Let v = -183 - -189. Calculate the greatest common divisor of 8 and v.
2
Let t = -18 - -32. Let n(g) = -2*g**3 + 2*g**2 + g + 1. Let b be n(-3). Calculate the highest common factor of b and t.
14
Suppose 3*d - 5*y = -y + 217, 0 = -4*d - 5*y + 279. Suppose 3*f - d = 13. Calculate the highest common divisor of 28 and f.
28
Let o be 261 + (8/16)/((-1)/6). Suppose 0 = -2*h - 2*n + o, 4*n + 238 = 4*h - 246. Calculate the highest common factor of 5 and h.
5
Let p be -2 + 15/3 + -2. Let w = 8 - p. Let r(o) = -9*o + 52. Let h be r(5). Calculate the highest common divisor of h and w.
7
Suppose g = -4*o + 382, 3*o - 275 = -21*g + 26*g. Calculate the greatest common factor of 15 and o.
5
Suppose 55 = 4*y + d, 19*d - 24*d + 15 = 0. What is the greatest common divisor of 169 and y?
13
Suppose -23*f + 1798 = 6*f. Calculate the highest common factor of 2666 and f.
62
Suppose 170 = 3*s - 0*s + 2*g, -4*s = 4*g - 228. Let i be 27 + (10 - 81/9). What is the highest common factor of s and i?
28
Let v = -70 - -63. Let r(s) = -9*s. Let l be r(3). Let b = v - l. What is the greatest common factor of b and 40?
20
Suppose 3*v - 7 = -4. Let k(l) = -83*l + 1. Let a be k(v). Let q be a*2/(-4) - 3. Calculate the highest common divisor of 19 and q.
19
Suppose 0 = 5*l - 2*b - 2 - 0, -5*b = -20. Let s be 3/(-3) - -6 - l. Suppose 21 = f + s. Calculate the highest common divisor of 12 and f.
6
Let t = -109 + 294. Let o = -206 - -280. Calculate the highest common divisor of o and t.
37
Suppose 0 = 85*y - 87*y + 108. What is the highest common factor of y and 243?
27
Let z(i) = 2*i**2 + 6*i - 40. Let h be z(-8). What is the greatest common divisor of 60 and h?
20
Let c(x) = -3*x**3 + 32*x**2 + 12*x + 30. Let y be c(11). What is the highest common divisor of 656 and y?
41
Suppose 0 = -3*u + 2*a + 17, 3*u - 5 = a + 8. Suppose 2*k - 15 = 15. Calculate the highes